{"id":641,"date":"2019-02-20T12:05:25","date_gmt":"2019-02-20T10:05:25","guid":{"rendered":"http:\/\/divulgacionciencias.unizar.es\/conciencias\/?page_id=641"},"modified":"2019-02-21T20:51:17","modified_gmt":"2019-02-21T18:51:17","slug":"otras-revistas-4","status":"publish","type":"page","link":"https:\/\/divulgacionciencias.unizar.es\/conciencias\/?page_id=641","title":{"rendered":"Otras revistas 4"},"content":{"rendered":"<h4 style=\"text-align: center; font-size: 36px;\"><strong><span style=\"color: #8e8e8e;\">Publicaciones de otras entidades<\/span><\/strong><\/h4>\n<p>&nbsp;<\/p>\n<p style=\"text-align: justify\">\nDesde los enlaces de esta p\u00e1gina podr\u00e1 acceder a algunas publicaciones de divulgaci\u00f3n cient\u00edfica que editan o promueven otras entidades e instituciones, tanto espa\u00f1olas como extranjeras.<\/p>\n<table style=\"100%\">\n<colgroup width=\"25%\">\n<col span=\"4\">\n  <\/colgroup>\n<tr>\n<td>\n<p style=\"text-align: center;\"><a title=\"Anales de Qu\u00edmica de la Real Sociedad Espa\u00f1ola de Qu\u00edmica\"\n         href=\"http:\/\/www.analesdequimica.es\/index.php\/AnalesQuimica\" target=\"_blank\"><br \/>\n      <img loading=\"lazy\" src=\"http:\/\/divulgacionciencias.unizar.es\/conciencias\/wp-content\/uploads\/2019\/02\/Anales_de_Quimica_cover_issue_70_es_ES.jpg\"\n           alt=\"Anales de Qu\u00edmica\" width=\"150\" height=\"214\" \/><\/a><\/p>\n<\/td>\n<td>\n<p style=\"text-align: center;\"><a title=\"F\u00edsica y Sociedad. Editada por el Colegio Oficial de F\u00edsicos.\"\n         href=\"https:\/\/www.cofis.es\/publicaciones\/fyspublicados.html\" target=\"_blank\"><br \/>\n      <img loading=\"lazy\" src=\"http:\/\/divulgacionciencias.unizar.es\/conciencias\/wp-content\/uploads\/2019\/02\/fys21_portada.jpg\"\n           alt=\"F\u00edsica y Sociedad\" width=\"150\" height=\"214\" \/><\/a><\/p>\n<\/td>\n<td>\n<p style=\"text-align: center;\"><a title=\"Investigaci\u00f3n y Ciencia\" href=\"https:\/\/www.investigacionyciencia.es\" target=\"_blank\"><br \/>\n      <img loading=\"lazy\" src=\"http:\/\/divulgacionciencias.unizar.es\/conciencias\/wp-content\/uploads\/2019\/02\/InvestigacionYCiencia_32247.png\"\n           alt=\"Investigaci\u00f3n y Ciencia\" width=\"150\" height=\"214\" \/><\/a><\/p>\n<\/td>\n<td>\n<p style=\"text-align: center;\"><a title=\"M\u00e8tode. Editada por la Universidad de Valencia.\"\n         href=\"http:\/\/metode.es\/revistas\" target=\"_blank\"><br \/>\n      <img loading=\"lazy\" src=\"http:\/\/divulgacionciencias.unizar.es\/conciencias\/wp-content\/uploads\/2019\/02\/PORTADA-METODE-99-ESP.jpg\"\n           alt=\"M\u00e8tode\" width=\"150\" height=\"214\" \/><\/a><\/p>\n<\/td>\n<\/tr>\n<tr>\n<td>\n<p style=\"text-align: center; margin-bottom: 10px; font-size:18px;\"><a style=\"color: #412696;\"\n         title=\"Anales de Qu\u00edmica\" href=\"http:\/\/www.analesdequimica.es\/index.php\/AnalesQuimica\"\n         target=\"_blank\">Anales de Qu\u00edmica<\/a><\/p>\n<\/td>\n<td>\n<p style=\"text-align: center; margin-bottom: 10px; font-size:18px;\"><a style=\"color: #412696;\"\n         title=\"F\u00edsica y Sociedad\" href=\"https:\/\/www.cofis.es\/publicaciones\/fyspublicados.html\"\n         target=\"_blank\">F\u00edsica y Sociedad<\/a><\/p>\n<\/td>\n<td>\n<p style=\"text-align: center; margin-bottom: 10px; font-size:18px;\"><a style=\"color: #412696;\"\n         title=\"Investigaci\u00f3n y Ciencia\" href=\"https:\/\/www.investigacionyciencia.es\" target=\"_blank\">Investigaci\u00f3n y Ciencia<\/a><\/p>\n<\/td>\n<td>\n<p style=\"text-align: center;margin-bottom: 10px; font-size:18px;\"><a style=\"color: #412696;\"\n         title=\"M\u00e8tode\" href=\"http:\/\/metode.es\/revistas\"\n         target=\"_blank\">M\u00e8tode<\/a><\/p>\n<\/td>\n<\/tr>\n<tr>\n<td>\n<p style=\"text-align: center;\"><a title=\"Naturaleza Aragonesa. Publicada por la Sociedad de Amigos del Mueso de Ciencias Naturales de la Universidad de Zaragoza.\"\n         href=\"https:\/\/sampuz.com\/category\/revista-naturaleza-aragonesa\/\" target=\"_blank\"><br \/>\n      <img loading=\"lazy\" src=\"http:\/\/divulgacionciencias.unizar.es\/conciencias\/wp-content\/uploads\/2019\/02\/NaturalezaAragonesa_na01.jpg\"\n           alt=\"Naturaleza Aragonesa\" width=\"150\" height=\"214\" \/><\/a><\/p>\n<\/td>\n<td>\n<p style=\"text-align: center;\"><a title=\"Principia Magazine\" href=\"https:\/\/principia.io\" target=\"_blank\"><br \/>\n      <img loading=\"lazy\" src=\"http:\/\/divulgacionciencias.unizar.es\/conciencias\/wp-content\/uploads\/2019\/02\/PrincipiaMagacine-portada-t4e2-cover.jpg\"\n           alt=\"Principia Magazine\"\n           width=\"150\" height=\"214\" \/><\/a><\/p>\n<\/td>\n<td>\n<p style=\"text-align: center;\"><a title=\"Quimicosas. Publicada por el Colegio Oficial de Qu\u00edmicos de Arag\u00f3n y Navarra.\"\n         href=\"http:\/\/www.quimicosaragonavarra.org\/quimicosas.html\" target=\"_blank\"><br \/>\n      <img loading=\"lazy\" src=\"http:\/\/divulgacionciencias.unizar.es\/conciencias\/wp-content\/uploads\/2019\/02\/Quimicosas_22.jpg\"\n           alt=\"Quimicosas\" width=\"150\" height=\"214\" \/><\/a><\/p>\n<\/td>\n<td>\n<p style=\"text-align: center;\"><a title=\"Revista Espa\u00f1ola de F\u00edsica. Publicada por la Real Sociedad Espa\u00f1ola de F\u00edsica. Acceso libre a las secciones 'Hemos le\u00eddo que..', 'Pulsos e impulsos' y 'Puntos de inter\u00e9s', y a los vol\u00famenes 17 y 19\"\n         href=\"http:\/\/revistadefisica.es\/index.php\/ref\/issue\/archive\" target=\"_blank\"><br \/>\n      <img loading=\"lazy\" src=\"http:\/\/divulgacionciencias.unizar.es\/conciencias\/wp-content\/uploads\/2019\/02\/RevistaEspFisica_cover_issue_58_es_ES.jpg\"\n           alt=\"Revista Espa\u00f1ola de F\u00edsica\" width=\"150\" height=\"214\" \/><\/a><\/p>\n<\/td>\n<\/tr>\n<tr>\n<td>\n<p style=\"text-align: center; margin-bottom: 10px; font-size:18px;\"><a style=\"color: #412696;\"\n         title=\"Naturaleza Aragonesa\" href=\"https:\/\/sampuz.com\/category\/revista-naturaleza-aragonesa\/\"\n         target=\"_blank\">Naturaleza Aragonesa<\/a><\/p>\n<\/td>\n<td>\n<p style=\"text-align: center; margin-bottom: 10px; font-size:18px;\"><a style=\"color: #412696;\"\n         title=\"Principia Magazine\" href=\"https:\/\/principia.io\" target=\"_blank\">Principia Magazine<\/a><\/p>\n<\/td>\n<td>\n<p style=\"text-align: center; margin-bottom: 10px; font-size:18px;\"><a style=\"color: #412696;\"\n         title=\"Quimicosas\" href=http:\/\/www.quimicosaragonavarra.org\/quimicosas.html\"\n         target=\"_blank\">Quimicosas<\/a><\/p>\n<\/td>\n<td>\n<p style=\"text-align: center; margin-bottom: 10px; font-size:18px;\"><a style=\"color: #412696;\"\n         title=\"Revista Espa\u00f1ola de F\u00edsica\" href=\"http:\/\/revistadefisica.es\/index.php\/ref\/issue\/archive\"\n         target=\"_blank\">Revista Espa\u00f1ola de F\u00edsica<\/a><\/p>\n<\/td>\n<\/tr>\n<tr>\n<td>\n<p style=\"text-align: center;\"><a title=\"Revista de la Real Academia de Ciencias de Zaragoza\"\n         href=\"https:\/\/zaguan.unizar.es\/collection\/revista-real-academia-de-ciencias-zaragoza?ln=es\" target=\"_blank\"><br \/>\n      <img loading=\"lazy\" src=\"http:\/\/divulgacionciencias.unizar.es\/conciencias\/wp-content\/uploads\/2019\/02\/RACZportada.jpg\"\n           alt=\"Revista de la Real Academia de Ciencias de Zaragoza\" width=\"150\" height=\"214\" \/><\/a><\/p>\n<\/td>\n<\/tr>\n<tr>\n<td>\n<p style=\"text-align: center; margin-bottom: 10px; font-size:18px;\"><a style=\"color: #412696;\"\n         title=\"Revista de la Real Academia de Ciencias de Zaragoza\"\n         href=\"https:\/\/zaguan.unizar.es\/collection\/revista-real-academia-de-ciencias-zaragoza?ln=es\"\n         target=\"_blank\">Real Academia de Ciencias de Zaragoza<\/a><\/p>\n<\/td>\n<\/tr>\n<tr>\n<td>\n<p style=\"text-align: center;\"><a title=\"CERN Courier\" href=\"https:\/\/cerncourier.com\" target=\"_blank\"><br \/>\n      <img loading=\"lazy\" src=\"http:\/\/divulgacionciencias.unizar.es\/conciencias\/wp-content\/uploads\/2019\/02\/Cern_CCJanFeb19_pOFCL.jpg\" alt=\"CERN Courier\"\n            width=\"150\" height=\"214\" \/><\/a><\/p>\n<\/td>\n<td>\n<p style=\"text-align: center;\"><a title=\"Europhisics News. Publicaci\u00f3n de la European Physical Society en colaboraci\u00f3n con EDP Sciences.\" href=\"https:\/\/www.europhysicsnews.org\" target=\"_blank\"><br \/>\n      <img loading=\"lazy\" src=\"http:\/\/divulgacionciencias.unizar.es\/conciencias\/wp-content\/uploads\/2019\/02\/Europhysics_epn_cover.jpg\"\n           alt=\"Europhysics News\" width=\"150\" height=\"214\" \/><\/a><\/p>\n<\/td>\n<td>\n<p style=\"text-align: center;\"><a title=\"Symmetry Magazine\" href=\"https:\/\/www.symmetrymagazine.org\" target=\"_blank\"><br \/>\n      <img loading=\"lazy\" src=\"http:\/\/divulgacionciencias.unizar.es\/conciencias\/wp-content\/uploads\/2019\/02\/Symmetry.jpg\" alt=\"Symmetry Magazine\"\n           width=\"150\" height=\"214\" \/><\/a><\/p>\n<\/td>\n<\/tr>\n<tr>\n<td>\n<p style=\"text-align: center; margin-bottom: 10px; font-size:18px;\"><a style=\"color: #412696;\"\n         title=\"CERN Courier\" href=\"https:\/\/cerncourier.com\" target=\"_blank\">CERN Courier<\/a><\/p>\n<\/td>\n<td>\n<p style=\"text-align: center; margin-bottom: 10px; font-size:18px;\"><a style=\"color: #412696;\"\n         title=\"Europhisics News\" href=\"https:\/\/www.europhysicsnews.org\" target=\"_blank\">Europhisics News<\/a><\/p>\n<\/td>\n<td>\n<p style=\"text-align: center; margin-bottom: 10px; font-size:18px;\"><a style=\"color: #412696;\"\n         title=\"Symmetry Magazine\" href=\"https:\/\/www.symmetrymagazine.org\" target=\"_blank\">Symmetry Magazine<\/a><\/p>\n<\/td>\n<\/tr>\n<\/table>\n","protected":false},"excerpt":{"rendered":"<p>Publicaciones de otras entidades &nbsp; Desde los enlaces de esta p\u00e1gina podr\u00e1 acceder a algunas publicaciones de divulgaci\u00f3n cient\u00edfica que editan o promueven otras entidades e instituciones, tanto espa\u00f1olas como extranjeras. Anales de Qu\u00edmica F\u00edsica y Sociedad Investigaci\u00f3n y Ciencia M\u00e8tode Naturaleza Aragonesa Principia Magazine<\/p>\n<p> <a class=\"continue-reading-link\" href=\"https:\/\/divulgacionciencias.unizar.es\/conciencias\/?page_id=641\"><span>Continue reading<\/span><i class=\"icon-right-dir\"><\/i><\/a><\/p>\n","protected":false},"author":3,"featured_media":0,"parent":0,"menu_order":0,"comment_status":"closed","ping_status":"closed","template":"","meta":[],"_links":{"self":[{"href":"https:\/\/divulgacionciencias.unizar.es\/conciencias\/index.php?rest_route=\/wp\/v2\/pages\/641"}],"collection":[{"href":"https:\/\/divulgacionciencias.unizar.es\/conciencias\/index.php?rest_route=\/wp\/v2\/pages"}],"about":[{"href":"https:\/\/divulgacionciencias.unizar.es\/conciencias\/index.php?rest_route=\/wp\/v2\/types\/page"}],"author":[{"embeddable":true,"href":"https:\/\/divulgacionciencias.unizar.es\/conciencias\/index.php?rest_route=\/wp\/v2\/users\/3"}],"replies":[{"embeddable":true,"href":"https:\/\/divulgacionciencias.unizar.es\/conciencias\/index.php?rest_route=%2Fwp%2Fv2%2Fcomments&post=641"}],"version-history":[{"count":8,"href":"https:\/\/divulgacionciencias.unizar.es\/conciencias\/index.php?rest_route=\/wp\/v2\/pages\/641\/revisions"}],"predecessor-version":[{"id":667,"href":"https:\/\/divulgacionciencias.unizar.es\/conciencias\/index.php?rest_route=\/wp\/v2\/pages\/641\/revisions\/667"}],"wp:attachment":[{"href":"https:\/\/divulgacionciencias.unizar.es\/conciencias\/index.php?rest_route=%2Fwp%2Fv2%2Fmedia&parent=641"}],"curies":[{"name":"wp","href":"https:\/\/api.w.org\/{rel}","templated":true}]}}